-4 + (62 - -26) + -6.
78
-149 + 176 + (7 - -15 - 34)
15
Evaluate 7 + (-218 + 244 - (-1 - -46)).
-12
What is -17 + (10 - 5) + -1 + 1 + -6?
-18
-1284 + 1200 + (2 - -41) - 29
-70
What is -41 - (-115 - (-90 + -12))?
-28
What is the value of (177 - (172 - 98)) + -41?
62
Calculate -6 - 26 - (44 - (226 - 40)).
110
Evaluate -3273 - -3356 - (2 + 22).
59
What is (390 - 451) + (3 - 33) - -39?
-52
Calculate (-88 - 1 - -7) + 19 + -6 + -22.
-91
What is the value of (-22 + 27 - (8 - 0)) + (-12 - -25)?
10
Calculate -37 - (23 + 19 + -47 + 1).
-33
What is -101 + 11 + -1 + -7 + (6 - 10) + -8?
-110
Calculate 39 + -30 + -64 + 37.
-18
Evaluate 16 + 7 + -6 + -20 - -16 - 38.
-25
Calculate (-9 - 0) + (-203 - -212) + (5 - (6 + 4)).
-5
What is 10 + (-60 - -53) + (-1 - -6) + -3 - 57?
-52
Calculate 74 + (13 - (32 - 34) - (29 + 1)).
59
What is (-78 - (1 - (-4 + 6))) + (9 - (-47 - -60))?
-81
What is the value of 26 + (-57 - 21) + 12?
-40
What is the value of (9 + -4 - (-15 - -18)) + -9?
-7
What is the value of -9 + 295 + -296 - (-110 - (-2 + 1))?
99
What is 34 + 6 + 38 - ((-5 - (-6 + -8)) + -4)?
73
(4 - 2 - 14) + (2782 - 2732)
38
Evaluate (42 - (-46 - -14)) + 27 + -29.
72
Evaluate (-19 + 3 + -4 - (-39 - -29)) + 54.
44
What is the value of (-9 - (-10 - (-10 - -6 - 1))) + 56?
52
Evaluate 74 + 1 + (-48 - -24 - (2 + -17)).
66
What is 3 + 3 - 63 - (297 + -287)?
-67
Evaluate 39 - (-7 + (6 - 0)) - (-6 - (-33 - -30)).
43
Calculate -12 - 137 - (-13 - 7 - -3) - 2.
-134
What is -23 + (9 - -41 - 40)?
-13
Evaluate 223 + -181 + (8 - 6 - -17) - 20.
41
What is 16 + (2 - -14 - ((72 - 48) + 7))?
1
Evaluate -8 - -4 - (1 + -11) - (-3 + 23 + -59).
45
What is -16 - 34 - (28 + -68 + 74)?
-84
What is the value of -119 - (-103 - -45) - -45?
-16
What is the value of (6 - 4 - -1) + (-7 - (6 - -5))?
-15
Calculate 38 - ((-91 - -174) + -77).
32
What is -43 - (-4 + 11 + -14 + 12 + -16)?
-32
Evaluate -11 - (-23 + 15) - (-12 - -17).
-8
Evaluate -72 + -1 - ((-9 - -9 - 19) + 3).
-57
Evaluate (-9 - (11 + -25)) + -16 + (12 + -6 - 69).
-74
(-5 - -3) + 7 + -81 + (10 - 33)
-99
(9 - 5) + (-8 - -6) + 4 + 10
16
Evaluate -23 + (-556 - -515 - (-170 - 3)).
109
Calculate -8 + 3 + -1 - 4 - (-5 + 71 + 5).
-81
32 + -27 + -27 + -2 + 2 - (-19 + 31)
-34
What is the value of -19 + 13 + 21 + (-2 + -3 + 5 - 1)?
14
What is (-5 - (-2 - -15 - 9)) + (28 + -48 - -2)?
-27
Calculate (16 - 2 - (-79 - -137)) + (-2 - -5).
-41
Calculate 63 + (-55 - (-63 + 67)).
4
What is (1 - -70) + 6916 + -6995?
-8
Evaluate (75 - 48) + (-24 - (7 + -14)) - 23.
-13
What is the value of (-41 - (-72 - -50)) + 15?
-4
Calculate -64 + (1 - 14 - (273 - 282) - 3).
-71
-71 + 85 - (-9 - (0 + -3) - -10)
10
(4 - -12 - 28) + 33
21
Calculate -32 + (58 + -30 - 61 - 4).
-69
Calculate -40 - ((-11 - 3) + (10 - (-12 + 17 + -6))).
-37
Calculate -30 - (26 + -12 + -61 + 21).
-4
Evaluate -8 + 2 + (75 - 154 - 27).
-112
Evaluate -71 - (47 + 68 + -179).
-7
Evaluate 25 + 3 - (-4 - -16 - 1).
17
What is (0 - (-1 - 85)) + (157 - (-220 - -373))?
90
What is the value of 11 + 3 + 105 + -110 - 46?
-37
What is -17 + (13 - (-11 + 17)) + -18 + (9 - -1)?
-18
What is the value of (1 - (2 + (0 - 52))) + 49 + -198 + 138?
40
2013 + -2109 - (-8 + 2)
-90
Calculate 20 - (13 + (-13 - ((16 - 27) + 28))).
37
-9 - (-3 - (13 - 11)) - (-73 - -12)
57
Evaluate -3 - 4 - (12 - -2 - 101).
80
What is 8 - (85 - 83 - (-1 - (5 + 0 - 47)))?
47
What is 13 + 37 + -27 + 26 + -1?
48
Evaluate (-18 - -2 - 18 - -23) + -1 + 65 - -7.
60
What is (-10 + 2 - -6) + -59 - -3?
-58
Evaluate 17 + -1 + -4 + (44 - 29) + -22.
5
Calculate -11 + -70 + 36 - -65.
20
What is the value of -2 + (35 - (-9 + -26)) + 46?
114
What is 52 - (32 + -45 + 89)?
-24
Evaluate -97 + 44 + 30 + 20 - (-1 + 4 + 1).
-7
What is the value of 105 + (111 - 158) + 45?
103
Evaluate -3 - (-47 + (8 - (25 - 175))).
-114
What is -228 + -86 + 198 + 1 + 39?
-76
Calculate -9 + -73 + 22 + (-9 - -13).
-56
What is 9 - (-2 + 1 + (-612 - -619))?
3
What is 2 + 186 + 209 + -103 + -142?
152
What is the value of -46 - (-42 + 98 + -93)?
-9
Evaluate (2 - 27 - (-551 + 506)) + 37.
57
(-1 - 1) + 0 + -43 - (54 - (-742 - -786))
-55
3096 - 3045 - (3 + (14 - 14 - (0 + 6)))
54
(-21 + -14 + 11 - -5) + -15
-34
Calculate 69 + -94 - (-8 + 12 - -40).
-69
What is (-2 - (3 + -7 - -19)) + -24 + -4 + -1?
-46
Evaluate -11 - ((20 - 21) + -20) - (-2 + 2 - 76).
86
What is (14 - -10) + -143 - (225 + -216 - (0 - -10))?
-118
What is (6 - -4) + (-102 - -65) + (-4 - -3)?
-28
Calculate 22 + (-3 - 1 - 10) - -6.
14
What is 10 + 2 - 11 - (-9 + 20)?
-10
What is the value of -12 + -17 + 29 + (-6 - (9 - -3)) + 40?
22
(-95 - -70) + 24 - (-4 + -20 + -5 + 3)
25
What is the value of (50 - 41) + -117 + 78?
-30
Evaluate (-2 + 1 - 12) + (-40 - 6 - (294 + -336)).
-17
What is the value of 14 + -41 + -19 + 50?
4
What is the value of 59 + -16 - (-71 - -120)?
-6
67 + 77 - 102 - 16
26
What is (81 - 84) + 77 - 94?
-20
(1476 - 1495) + (-1 + 0 - -50)
30
What is the value of 0 + -2 - -23 - (-247 - (-92 + -289))?
-113
-5512 + 5401 + (2 - 0) + 2
-107
What is 120 + 82 + -99 - (16 + -1 + 1)?
87
Evaluate -3 - ((-50 - (-10 + -42)) + -1 + 3).
-7
What is the value of 83 + (28 - 48 - 31)?
32
What is -24 + (29 - -32) - 44?
-7
Evaluate -26 + -15 + -13 + 46 + -4 + -1.
-13
What is the value of (-1 - -8) + -9 + (83 - (-18 + 37))?
62
59 + 1 + -14 + -1 + -2 + 4 + -3
44
Evaluate (1802 - 1825) + (0 - (-40 - -4)) + (1 - 141).
-127
-11 - ((9 - 6) + -12 + 23) - -13
-12
Evaluate 2 + -5 - 7 - (-3 - 10) - -3.
6
Evaluate -77 + 87 + -47 - -27.
-10
Evaluate -10 + (-2 - (10 - 24)) - (54 + 3).
-55
What is the value of (7 - -7 - 4) + (-5 - -1) + 3?
9
-46 + -6 + (-31 - -83)
0
-5 - -2 - (16 + (3 - 7))
-15
Evaluate (543 + -566 - (46 + -2 + -2)) + -4 + -1.
-70
What is (165 - 156) + (-80 + 1 - 1) + 139 + -139?
-71
2 + -11 - (25 + (15 - 15))
-34
Evaluate (-514 - -527) + (-76 - -20 - (-1 - 2)).
-40
29 + -25 - ((-3 - (-10 + 10)) + -23)
30
What is the value of -51 + (33 - 2 - (-16 + 28))?
-32
What is the value of 3179 - 3054 - (104 + 3)?
18
What is the value of -110 + 2 - (-3016 + 2963)?
-55
Calculate -34 - (59 + -43) - (-14 - -51).
-87
Calculate 8 + 106 - (146 - 108).
76
38 + -40 + 66 + -48
16
Evaluate 11 - 0 - (-20 + 48 + -53 - -28).
8
Evaluate (51 + 6 - -7) + 17 + -28 + 3 + -9.
47
What is the value of 3 + ((-2 + 5 - 15) + 16 - -3)?
10
Evaluate 16 - (1 - -22 - (-202 + 185)).
-24
12 + (19 - (4 + -28 - -25))
30
-5 - (-1 + 7 + (-9 - -54) + -1 + -2)
-53
-22 + -1 - ((2 - -18) + (-48 - -56) + -25)
-26
What is the value of 14 - -1 - (2 - (-3 - 2)) - -7 - -6?
21
Calculate (-15 - (8 + -11)) + -68 + 3 + -10 + 21.
-66
-25 + (-5 - (33 - 100)) - (6 + 1)
30
Calculate -34 - (-148 - (-21 - (-5 - 23))).
121
What is -93 - (-75 - -45) - (1 + -1 - -19)?
-82
Calculate 3 + (40 - 20) - -90.
113
Evaluate -21 + -8 + -4 + 12 - 13 - -11.
-23
Evaluate 13 + -44 + (3 + -10 - (14 + -20 - 13)).
-19
Calculate (-124 - -26) + 21 + 54.
-23
What is the value of (69 - (7 + -18 + 9)) + 19 + -19?
71
Evaluate -46 + (-15 - -36) + -16 + (9 - 26).
-58
8 + -7 + -17 + (70 - (22 + (-4 - 4)))
40
What is the value of -13 - ((0 - 58) + 12 + 0 + -10)?
43
(-43 - -61) + -40 + 91 - (0 - 0 - 15)
84
What is 296 - 470 - (7 + 0 - 57)?
-124
Evaluate (70 - (-450 + 514)) + (0 + -1 - 25).
-20
Calculate -85 + -48 + 120 + 80.
67
Calculate 0 - (-10 + 38 - (5 - 10)).
-33
Evaluate 9 + 54 + (17 - (33 + -31)).
78
What is the value of 8 + 15 + 1 + (71 + -53 - (18 - 0))?
24
Evaluate -158 - -34 - -110 - (-1 + -1 - (10 - -1)).
-1
0 + 14 + (5 - 2) + (1016 - 1050)
-17
((-7 - 34) + 44 - (1 + 11)) + 28
19
What is the value of (346 - (255 - 142)) + -138?
95
What is (4 - 20) + 122 + -26 + -30?
50
What is (44 - 1) + -17 + 27 + (-48 - -39)?
44
Evaluate 13 + 0 + (2 - 16 - (-810 + 805)) + 7.
11
What is the value of -124 + -64 + (91 - -29)?
-68
What is the value of 2 - (-10 + 1) - (4 + 3 + -3)?
7
Calculate 43 - (13 + (-21 - 3) + 1).
53
What is (51 - 191) + (2 - (-17 + 30))?
-151
(2 - -31 - 18) + -10 + 14 - 98
-79
Calculate -24 + (14 - -20) - -19 - -53.
82
Calculate -54 + (2 - 4 - (10 + (-10 - 1))).
-55
42 + -29 - 34 - (-1 + -34)
14
What is 3716 + -3696 + (-2 - -66)?
84
What is the value of -10 + 18 + -34 - (2 + -12 + 2)?
-18
What is the value of 454 + -466 + -1 + 50?
37
What is the value of 25 + 21 + -48 + (84 - -4) + -3?
83
-31 + 55 - -4 - (-1 +